- y*c = -9. Suppose -5*o + 15 = 4*m, -5*o + x = 2*m - 12. What are the prime factors of o?
7
Let i(b) = 2*b**2 + 2*b - 3. Let k be i(6). Suppose 5*f - 4*p = k, -f - 2*p - p + 20 = 0. What are the prime factors of f?
17
Suppose -5*d - 3*b + 21 = -b, -4*b + 7 = 3*d. List the prime factors of d.
5
List the prime factors of 333/15*(-70)/(-21).
2, 37
List the prime factors of (-3)/9*-7*3.
7
Suppose 7*b = 10*b - 117. List the prime factors of b.
3, 13
Suppose -2*l + l - 144 = 0. Let f be l/(-15) + (-4)/(-10). What are the prime factors of (4 - 6)/((-2)/f)?
2, 5
Suppose 0 = 6*n - 2*n. Suppose n = 4*h - 20 - 28. List the prime factors of (-1 - -2)*h - 2.
2, 5
Suppose 3*z + 77 = 749. What are the prime factors of z?
2, 7
Let p be (-2)/(-2) + (-4)/(-4). What are the prime factors of 3/3 - p - -20?
19
Let t = 54 - 20. What are the prime factors of t?
2, 17
Let i(n) = 3*n. Let t be i(5). Suppose -x = 5 - t. Suppose 0 = -5*s - 4*h + 47, -s - 5*h + x = -12. What are the prime factors of s?
7
Let m be (25/4)/((-4)/16). Suppose -3*z + 43 + 1 = t, 3*t + z - 108 = 0. Let l = t + m. What are the prime factors of l?
2, 5
Suppose -v - 4*i + 75 = 4*v, 20 = 4*i. List the prime factors of v.
11
Let p be (2 + -1)*(10 - 4). What are the prime factors of 1 + p*(-1 - -3)?
13
Let c(w) be the first derivative of -21*w**4/2 + w**2 + w - 5. What are the prime factors of c(-1)?
41
Suppose 4*s - 2*n = 2*n + 300, n = 3. What are the prime factors of s?
2, 3, 13
Let l(i) = i**2 - 8*i + 8. What are the prime factors of l(10)?
2, 7
Let w be (-65)/2*(-5 + 1). Suppose 0*k + 5*k = w. List the prime factors of k.
2, 13
Let y(n) = n**3 - n**2 + 2*n - 1. Let b be y(1). List the prime factors of -2 - (b - 0) - -35.
2
Let s(f) = f**3 + 0 - 1 - 2*f**3 + 15. What are the prime factors of s(0)?
2, 7
Let z = 4 + -4. Let c be 1 + 0 + (1 - z). Suppose c*a - 19 = -3. What are the prime factors of a?
2
Suppose -5*t + 3*a = -0*t + 18, 2*t + 3*a = -24. What are the prime factors of (t/(-4))/(9/306)?
3, 17
Suppose 4*y - 130 = -6. What are the prime factors of y?
31
Suppose 2*c + 3*u = 2 + 25, -u = 3. What are the prime factors of c?
2, 3
Suppose 4*l + 4*f - 2*f - 4 = 0, f = 5*l + 2. Let o be (1 - 1)/(-3 - l). Suppose -3*j + o*j = -18. What are the prime factors of j?
2, 3
Suppose 2*n - 264 = 4*u, -50 = -3*n - 2*u + 338. What are the prime factors of n?
2, 5, 13
Let k = 5 - 12. Let l = 11 + k. Let h(y) = y**3 - 3*y**2 - 3*y + 6. List the prime factors of h(l).
2, 5
Let v(t) = 24*t**2 + 2*t + 1. What are the prime factors of v(-1)?
23
Let b = 28 + -21. Suppose w - 22 = -b. What are the prime factors of w?
3, 5
Let j(c) = -c + 2. Let z be -2 - -1 - (-7)/(-1). What are the prime factors of j(z)?
2, 5
Let o = 109 + -64. What are the prime factors of o?
3, 5
Let o be (9 + (-2 - 1))/(-2). What are the prime factors of 14/o*(-18)/12?
7
Let x be (-5)/(-1) - 2 - 1. Let k(d) = -15 + d**3 + 9*d + 4*d**2 - 15*d**x + 4*d. List the prime factors of k(10).
3, 5
Suppose 4*d = 5*i - 1 - 1, -2*i = 4*d - 12. Suppose -u = -i*u + 2. Suppose -u + 74 = 4*n. What are the prime factors of n?
2, 3
Suppose 3*u - 6 = -0*u. Suppose u*p - 26 = -0*p. List the prime factors of p.
13
Let d be (-17)/(-4) + (-2)/8. Suppose 2 - 8 = 3*l, -5*n + 5*l = -30. Suppose n*c = d + 20. List the prime factors of c.
2, 3
Let t = -9 + -1. Let k be (-898)/t + (-1)/(-5). List the prime factors of ((-1)/3)/((-2)/k).
3, 5
Let o(p) = p**3 - 4*p**2 - 4*p + 4. Let a(h) = 4*h. Let z be a(-1). Let f be (z - -2)/(4/(-10)). What are the prime factors of o(f)?
3
Let g(j) = j**3 - 15*j**2 - 4*j + 18. List the prime factors of g(16).
2, 3, 5, 7
Suppose 5*j - 351 = v, 3*j - 4*v - 211 = -3*v. List the prime factors of j.
2, 5, 7
Let u be -5*8/(-60)*3. Suppose -3 = -3*v, i + 4*v - 33 + u = 0. What are the prime factors of i?
3
Let o be (282/8)/(3/(-12)). Let s be (o/9)/((-2)/6). What are the prime factors of s/9 - (-2)/(-9)?
5
Let z(t) = t**3 + t**2 + 2*t + 2. Let w be z(-2). List the prime factors of (-3 + -15)*4/w.
2, 3
Let t(j) = -j**3 + 14*j**2 - 17*j + 38. What are the prime factors of t(9)?
2, 5, 29
What are the prime factors of 9/((1/(-20))/(18/(-45)))?
2, 3
Let f be -1 - -3 - (-1 + 1). Suppose -6 = -3*t + 4*o, f*t - 4 = 5*o - 0. Suppose -6*n + t*n = -48. What are the prime factors of n?
2, 3
What are the prime factors of (2/1 - -136) + 0?
2, 3, 23
Let m be (-9)/(-6) - 178/(-4). Let p = -22 + m. List the prime factors of ((-27)/(-4))/(9/p).
2, 3
Let h(l) = -l**3 + 13*l**2 + 3*l - 8. What are the prime factors of h(8)?
2, 3, 7
Suppose -5*y + 106 = 2*b, -5*b - 4*y + 159 = -2*b. What are the prime factors of b?
53
Let c(t) = t**2 - 7*t - 34. List the prime factors of c(-9).
2, 5, 11
Suppose 8*p = -5*s + 3*p - 20, -3*p = s. What are the prime factors of 11 + (s/3)/2?
2, 5
Let k(f) = f - 11. Let g be k(11). Suppose -y + 2*t + 7 = g, 4*y + t + 2*t = 6. Suppose 34 = 2*s + 2*w, -2*s = y*w - 20 - 13. What are the prime factors of s?
2, 3
Let n(x) = -x**2 + 8*x - 3. Let w(u) = -1. Let y(c) = n(c) + w(c). List the prime factors of y(5).
11
Let n(h) = -h**3 - 9*h**2 - h - 7. Let a be n(-9). Suppose 2*i + 3*z = 65 + 37, 0 = -a*i + 2*z + 82. Suppose -f = 2*f - i. List the prime factors of f.
3, 5
Suppose -134 - 61 = -5*m. Suppose 2*c + 12 = 56. Let h = m - c. What are the prime factors of h?
17
Let w(f) = f**3 - 8*f**2 + 17*f - 10. List the prime factors of w(7).
2, 3, 5
Let l(a) = -5*a + 0 + 2 + 3*a + 0*a. What are the prime factors of l(-9)?
2, 5
Suppose -5*p + 22 = 2. Suppose -w = -3*s + p*s - 4, 2*w - 4 = 0. Suppose -5*j + s*z + 98 = 0, 2 = -5*j - z + 88. List the prime factors of j.
2, 3
Let u = 10 - -19. What are the prime factors of u?
29
Let d be (-1)/3 + 4/12. Let c = d - -3. What are the prime factors of c?
3
What are the prime factors of 1*41 - (4 - 7)?
2, 11
Let y be 8/1*2/4. Suppose y*i = 4, 4*v - i - 29 = 38. List the prime factors of v.
17
Let n = 8 - 5. Suppose -n*b - b + 12 = 0. Suppose 48 = a + b*a. List the prime factors of a.
2, 3
Let t(w) = w**2 + 16*w + 18. Let p be t(-15). Suppose 0*s - s - p = 0, 4*f - 109 = -s. What are the prime factors of f?
2, 7
Let w = 10 + -4. Let j(i) = -i**3 + 7*i**2 - 4*i + 2. List the prime factors of j(w).
2, 7
Let y = -7 + 11. Let h be 102/y - 1/(-2). Let j = h - 16. What are the prime factors of j?
2, 5
Suppose 2*i + p = 15, -i + p = 3*p - 9. Suppose k - 1 = -i. What are the prime factors of 1 - (k + 0/(-2))?
7
Suppose 5*j = -31 + 1. Let p = 19 + j. List the prime factors of p.
13
Let x = 33 + -23. Suppose 0 = -m + 2*m + x. What are the prime factors of ((-8)/(-1))/((-5)/m)?
2
Let j(y) = -5*y + 5. Let p(n) = 2*n - 2. Let t be p(4). Let c be j(t). Let d = c - -37. List the prime factors of d.
2, 3
Suppose -3*k = -8*k + 220. Suppose 0 = 2*y - 6*o + 2*o - k, y = -5*o + 29. Suppose 2*f - v - y + 3 = 0, v - 39 = -3*f. What are the prime factors of f?
2, 3
Suppose 0 = r - x + 1, 2*r + 6*x - 3*x = 13. Let t(g) = 2 + g + g + 5*g - 4*g. List the prime factors of t(r).
2
Let w = 23 - -30. Let k(n) = -2*n - 6. Let y be k(-5). Suppose y*h - w + 9 = 0. List the prime factors of h.
11
Let g(z) = -z**3 + 9*z**2 - 3*z**2 - 3*z + z**2 - 2 + 7. List the prime factors of g(5).
2, 5
Suppose 0 = 3*x + 4*z + 16, -2*x + 5*z = 2*z - 12. Let a = 5 + -1. Suppose -b + 3*d - 3 = x, a*b = 2*b + d + 14. What are the prime factors of b?
3
Suppose 5*h - 5*o = 90, 3*h + h + 5*o = 81. Let c = 37 - h. List the prime factors of c.
2, 3
Suppose 12*w - 558 = 9*w. What are the prime factors of w?
2, 3, 31
Let o be (0 - 15/(-6))*2. Let v = -5 + o. Suppose v = -0*j + 4*j - 40. What are the prime factors of j?
2, 5
Let q(i) = -i**3 + 8*i**2 - 3*i + 9. What are the prime factors of q(7)?
37
Suppose -2*x = -3*b + 4, 4*b + 0 = 4*x + 8. Suppose b = j - 2 - 5. Let i = 16 - j. What are the prime factors of i?
3
Suppose -6*f + 3*f + 321 = 0. Suppose -w + 3*t - 4*t + 23 = 0, f = 4*w - t. List the prime factors of w.
2, 13
Suppose 7*z - 4*w = 2*z + 556, z = 2*w + 116. Suppose -3*p + z = -15. Suppose -4*a + 2*v + p = -a, -a = 2*v - 19. What are the prime factors of a?
3, 5
Let i(c) = -c**3 + 6*c**2 + 4. Let z be i(6). Let p be (-3)/(-9) + z/6. What are the prime factors of p*6*5/2?
3, 5
Let i(r) = -r**3 + 10*r**2 + 4*r - 15. Let y = 21 - 11. What are the prime fact